 factors of (3/g + -2)/(4/(-256)).
2, 3
Let d(p) = -p - 1. Let z be d(-5). Let w(b) = 9*b + 9. Let n be w(-1). Suppose -z*k + 2*f + 216 = -n*f, -3*k + 149 = 5*f. List the prime factors of k.
53
Let c be (0 - (-10)/4)*-14. Let g be (-690)/c + (-2)/(-7). What are the prime factors of g/6*105/14?
5
Suppose 3*u - 103 = z, 2*u - 29 = 5*z + 31. Suppose 0 = 4*g + g - u. What are the prime factors of g?
7
Let v = 189 - 19. List the prime factors of v.
2, 5, 17
Suppose 3*o = 5*o. Suppose 16 = -b + 5*x, 4*b - b + 2*x - 37 = o. What are the prime factors of b?
3
Let o(q) = 68*q - 40. Let l be o(9). Suppose 0 = -29*i + 25*i + l. List the prime factors of i.
11, 13
Let y be (3/(-2))/(-4 - 121/(-30)). Let a = 137 - y. List the prime factors of a.
2, 7, 13
Let p(u) = -u**2 - 19*u - 13. Let b be p(-21). What are the prime factors of ((-9)/1)/(2 + 115/b)?
3, 11
Let x be (14/(-5))/(5/(-1175)*1). Let p = -419 + x. List the prime factors of p.
239
Let s = -99 + 376. What are the prime factors of s?
277
Suppose -2*t - 220 = -6*t. Suppose -163 = 2*h - 4*h + 5*l, -2*h = -l - 183. Let p = h - t. List the prime factors of p.
3, 13
Let r(z) = -z + 16. Suppose 3*a - 5 = 4. Suppose 7*p - a*p = 0. List the prime factors of r(p).
2
Let a(v) = 8*v + 28. Let d be a(7). Suppose 2*m + 2*u - 3*u - 61 = 0, 3*m - 3*u = d. List the prime factors of m.
3, 11
Suppose 0 = 5*j - 0*j. Suppose j = -s + 2*f + 188, s + 3*s = -2*f + 732. What are the prime factors of s?
2, 23
Let r be (-13)/(-2) + 20/40. Suppose 0 = -2*j + 3*p - r*p + 122, p = -4. List the prime factors of j.
3, 23
List the prime factors of 1*-1651*(-9 - (-2 - 6)).
13, 127
Suppose -3*r + 321 = -18. Suppose -2*v + r = 6*b - 3*b, -5*b = -2*v + 137. Suppose 5*s = -o + v - 16, 4*o - 123 = -s. What are the prime factors of o?
2, 3, 5
Let b = 3 - 1. Suppose b*q = 20 - 8. Suppose -s - 150 = -q*s. What are the prime factors of s?
2, 3, 5
Suppose 0 = -5*q + 4*h + 25184, -4*q + 3*h - 30 = -20178. What are the prime factors of q?
2, 3, 5, 7
Let a(f) = 28*f**2 + 15*f - 61. List the prime factors of a(10).
3, 107
Suppose -30 = -3*l - 9. Let k(i) = i - 2. Let u(j) = 3*j - 6. Let y(s) = 14*k(s) - 4*u(s). List the prime factors of y(l).
2, 5
Suppose f - 16 = 5*m, 2*f + 7 = -2*m + 3*f. Let z(r) = -24*r - 7. What are the prime factors of z(m)?
5, 13
Let v = 123 - 85. Let h = v - 35. Suppose -2*k + o + 77 = 0, 3*k + 2*k - h*o - 192 = 0. List the prime factors of k.
3, 13
Let x = -6 - -2. Let z = x - -11. Suppose -4*s + 84 = -4*f, 4*f - 60 = -z*s + 3*s. List the prime factors of s.
2, 3
Let m be (-3)/((-33)/(-46)) + (-38)/(-209). List the prime factors of (-639)/m - (2 + (-9)/4).
2, 5
Let a be (-10)/45 - (-32)/(-18). Let l be (-2)/4*(a + -22). Suppose -3*w + l = -45. What are the prime factors of w?
19
What are the prime factors of 8699/2 - 182/(-52)?
3, 1451
Let q(f) = -2*f - 2. Let s be q(-2). Suppose 4*u - s*p - 548 = 0, -5*p - 6 - 4 = 0. List the prime factors of -1 + u/12*3.
3, 11
What are the prime factors of -1*(-3 + (-3 - -4) - 385)?
3, 43
Let i be 195/(-26)*(-4)/6. Suppose 365 = -0*a + i*a. What are the prime factors of a?
73
What are the prime factors of (-3)/12*9436/(-7)?
337
Let z be ((-3)/(-2))/(48/(-128)). What are the prime factors of (-110)/z*2*(-2 - -3)?
5, 11
Suppose 28*m = -0*m + 11088. What are the prime factors of m?
2, 3, 11
Let v = 643 - 164. List the prime factors of v.
479
Let n = -30 + 162. List the prime factors of n.
2, 3, 11
Suppose f = 6*f - 10, -5*f - 1481 = -q. List the prime factors of q.
3, 7, 71
Let n(h) = -h**2 + 20*h + 3. Let i be (1/(-2))/((-17)/408). Suppose 4*x = 92 - i. What are the prime factors of n(x)?
3
Let t = -8 + 2. Suppose 5*v + 0*v - 150 = 0. Let f = t + v. List the prime factors of f.
2, 3
Let v = 48 - -328. Let f = v + -201. List the prime factors of f.
5, 7
Let b(w) = 2*w**3 - 4*w**2 - 3*w - 10. List the prime factors of b(6).
2, 5, 13
Suppose 988*p - 994*p = -10026. List the prime factors of p.
3, 557
Let z = 125 - -14. Let s = z - 9. List the prime factors of s.
2, 5, 13
Let m be 838/15 - (-2)/15. Let h be (-2)/4 + 1/2. Suppose h*a - m = -2*a. What are the prime factors of a?
2, 7
Let c = 8 - 5. Suppose 0 = -2*m - 3*g + 9, -c*m + m - 26 = -4*g. What are the prime factors of 3 - (-1 + -10) - m?
17
Let f = 395 - 228. Suppose -h - f = -2*h. Suppose -4*g = -g - 4*o - h, o - 1 = 0. What are the prime factors of g?
3, 19
Let r be 2*-2 + (-24 - -8). Let c = r - -20. Suppose -4*y + 6*y - 90 = c. List the prime factors of y.
3, 5
Let c(p) = 2*p**3 + 34*p**2 - 20*p + 42. What are the prime factors of c(-11)?
2, 857
Suppose -4*p + 80 = -3*w + 7*w, 4*p - 5*w - 44 = 0. Suppose 0 = p*r - 19*r + 261. What are the prime factors of r?
3, 29
What are the prime factors of 387 + (10 - 4) + -1?
2, 7
Let z(w) = -w. Let u(f) = -f**3 + f**2 + f - 56. Let b(h) = -u(h) - z(h). What are the prime factors of b(0)?
2, 7
Let p(s) = -s**3 + 11*s**2 + 6*s + 24. Let g be p(10). Let q = -112 + g. List the prime factors of q.
2, 3
Let c be -4 + 12795/10 - 3/2. List the prime factors of c/12 + (-14)/84.
2, 53
Suppose -2*q = t - 7, -7 - 2 = -3*q - 3*t. Let k(f) = 2*f**3 + 3*f**2 - 4*f - 7. List the prime factors of k(q).
3, 17
Let m = -15 + 11. Let l be m/8 - (-537)/6. Let x = l - 54. List the prime factors of x.
5, 7
Let y(o) = 175*o - 390. What are the prime factors of y(12)?
2, 3, 5, 19
Let m be (516/(-16))/(42/(-56)). Let o be 3*2*2/4. Suppose -3*s + u = -80, -o*u - m - 57 = -4*s. What are the prime factors of s?
2, 7
List the prime factors of (47 - 1)/(2 - (-112)/(-58)).
23, 29
Let h be (-3 - (49 - 1))*(-6)/2. List the prime factors of h/6*16/12.
2, 17
List the prime factors of -18*(6104/(-228) + 2/19).
2, 3, 5
Let l(t) = -t**3 - t**2 - 3*t - 5. Let p be l(-2). Suppose -p*b - 287 = -12*b. List the prime factors of b.
41
Let w be ((-4)/(-2) - -2)*(1 - 2). What are the prime factors of 632/7 + w*2/28?
2, 3, 5
Let t(h) = h**3 + 5*h**2 - 6*h - 14. Let v be t(-6). Let n = 52 + v. List the prime factors of n.
2, 19
Let v(z) be the third derivative of z**4/24 + 7*z**3/3 + 237*z**2. Suppose 3*r + 2*r + c = 54, 2*r - 27 = 5*c. What are the prime factors of v(r)?
5
Suppose -7 = -d - n, -5*d + 4*n = -0 + 1. Suppose 8*g = d*g. Suppose -4*m + 4*y + 104 = g, 3*y - 8*y - 61 = -2*m. List the prime factors of m.
23
Let i be (-1)/2*(-24 - -2). Suppose 0*t + 5*h = 4*t - i, -4*h - 4 = -2*t. List the prime factors of (t - 8)/((-4)/10).
2, 5
Suppose -m - 68 = -0*m + 5*v, 3*m = -2*v - 165. Let c = -32 - m. What are the prime factors of c?
3, 7
What are the prime factors of ((-12)/18)/((-3)/6390)?
2, 5, 71
Let r(b) = 28*b + 26. Suppose 3*n = -j + 5*j + 22, -3*j = 3. List the prime factors of r(n).
2, 97
Let i = 1 + 3. Let p be (-2)/8 - (-1)/i. Suppose p = 5*x - 0*x - 155. What are the prime factors of x?
31
Suppose 0 = 26*h - 57401 - 87809. List the prime factors of h.
5, 1117
Let m(r) = 35*r**2 + 2*r - 8*r**2 - 20*r**2 + 1. Suppose 5*u + 1 = 11. List the prime factors of m(u).
3, 11
Let g(h) = h**2 + 2*h - 1. Let b be g(0). Suppose -r = -3*i + 151, 0 = 2*i - 4*r - 34 - 80. Let q = b + i. What are the prime factors of q?
2, 3
Let n(b) = 7*b + 8. Let h be n(-2). What are the prime factors of (-2)/h*(12*17 + -3)?
67
Let j be (10/4)/((-5)/(-12)). Let w be (-42)/(-9)*j/4. What are the prime factors of w + 1 - (-10 - -11)?
7
Let p be (3/5)/((-1)/(-5)). Suppose -251 = -p*a - 2*s, -3*a - 4*s = -0*a - 241. Let x = a - 21. List the prime factors of x.
2, 3, 11
Suppose -174 = 6*k - 0*k. Let u = k + 135. Suppose -119 - u = -5*y. List the prime factors of y.
3, 5
Let v(q) = q**3 - 8*q**2 - 3*q - 21. What are the prime factors of v(10)?
149
What are the prime factors of ((-2)/(-4)*-4)/(2/(-787))?
787
Let a(p) = 13*p**3 + 3*p**2 - 13*p + 6. List the prime factors of a(5).
3, 547
Let q(r) = -r**2 + 13*r - 11. Let c be q(12). What are the prime factors of ((-66)/(-15))/((-27)/30 + c)?
2, 11
Let t(y) = -y**2 + 19*y - 23. Let c be t(16). Let o = -2 + c. List the prime factors of o.
23
Suppose b = -3, 0*o = -o - 2*b + 20. List the prime factors of o/(-91) + 1213/7.
173
Suppose y = 93 + 71. Let t = -68 + y. Suppose -3*z + z + t = 5*x, -z - 33 = -2*x. What are the prime factors of x?
2, 3
Suppose 0 = -10*i - 16*i + 14508. What are the prime factors of i?
2, 3